{"id":81,"date":"2017-11-02T08:06:29","date_gmt":"2017-11-02T08:06:29","guid":{"rendered":"http:\/\/mauweb.monamedia.net\/haiau\/?post_type=product&#038;p=81"},"modified":"2017-11-24T15:31:13","modified_gmt":"2017-11-24T15:31:13","slug":"clg855n","status":"publish","type":"product","link":"https:\/\/mauweb.monamedia.net\/haiau\/san-pham\/clg855n\/","title":{"rendered":"M\u00e1y x\u00fac l\u1eadt CLG855N"},"content":{"rendered":"<p><strong>Gi\u1edbi thi\u1ec7u v\u1ec1 m\u00e1y x\u00fac l\u1eadt CLG855N<\/strong><\/p>\n<p>M\u00e1y x\u00fac l\u1eadt CLG855N c\u00f3 dung t\u00edch g\u1ea7u r\u1ed9ng 3.6m\u00b3, v\u1eadt li\u1ec7u thi\u1ebft k\u1ebf g\u1ea7u \u0111\u01b0\u1ee3c c\u1ea3i ti\u1ebfn v\u1eefng ch\u1eafc, ch\u1ed1ng m\u00e0i m\u00f2n t\u0103ng \u0111\u1ed9 b\u1ec1n c\u1ee7a g\u1ea7u. G\u00f3c thu g\u1ea7u l\u1edbn mang l\u1ea1i hi\u1ec7u qu\u1ea3 cao, gi\u1ea3m t\u1ef7 l\u1ec7 r\u01a1i v\u00e3i v\u1eadt li\u1ec7u. \u0110\u1ed9 cao x\u1ea3 t\u1ea3i l\u1edbn t\u0103ng kh\u1ea3 n\u0103ng l\u00e0m vi\u1ec7c.<\/p>\n<p>Ngo\u00e0i ra, m\u00e1y x\u00fac l\u1eadt CLG855N c\u00f3 tay \u0111i\u1ec1u khi\u1ec3n th\u1ee7y l\u1ef1c lo\u1ea1i 1 tay chang gi\u00fap v\u1eadn h\u00e0nh m\u00e1y nh\u1eb9 nh\u00e0ng v\u00e0 nhanh h\u01a1n v\u1edbi ki\u1ec3u tay chang c\u01a1 kh\u00ed. Gh\u1ebf ng\u1ed3i c\u00f3 th\u1ec3 \u0111i\u1ec1u ch\u1ec9nh kho\u1ea3ng c\u00e1ch so v\u1edbi v\u00f4 l\u0103ng gi\u00fap ng\u01b0\u1eddi v\u1eadn h\u00e0nh tho\u1ea3i m\u00e1i trong qu\u00e1 tr\u00ecnh l\u00e0m vi\u1ec7c.<\/p>\n<p>M\u00e1y x\u00fac l\u1eadt CLG855N v\u1edbi thi\u1ebft k\u1ebf \u01b0u vi\u1ec7t ph\u00f9 h\u1ee3p cho c\u00f4ng vi\u1ec7c, \u00e1p su\u1ea5t th\u1ee7y l\u1ef1c t\u0103ng t\u1edbi 18Mpa, l\u1ef1c n\u00e2ng c\u1ea7n t\u0103ng 5%. H\u1ec7 th\u1ed1ng th\u1ee7y l\u1ef1c h\u1ee3p l\u01b0u song song 2 b\u01a1m, t\u1ed1c \u0111\u1ed9 n\u00e2ng c\u1ea7n nhanh h\u01a1n 10%. L\u1ef1c chuy\u1ec3n h\u01b0\u1edbng t\u0103ng 60%, chuy\u1ec3n h\u01b0\u1edbng nhanh h\u01a1n, m\u1ea1nh m\u1ebd h\u01a1n. H\u1ec7 th\u1ed1ng truy\u1ec1n \u0111\u1ed9ng \u01b0u vi\u1ec7t c\u00f3 l\u1ef1c k\u00e9o m\u1ea1nh m\u1ebd, t\u1ed1c \u0111\u1ed9 l\u00e0m vi\u1ec7c nhanh h\u01a1n, t\u0103ng l\u00ean 1-2km\/h.<\/p>\n<p><img decoding=\"async\" loading=\"lazy\" class=\"aligncenter wp-image-89 size-full\" src=\"http:\/\/mauweb.monamedia.net\/haiau\/wp-content\/uploads\/2017\/11\/CLG855N-9.jpg\" alt=\"\" width=\"2374\" height=\"716\" srcset=\"https:\/\/mauweb.monamedia.net\/haiau\/wp-content\/uploads\/2017\/11\/CLG855N-9.jpg 2374w, https:\/\/mauweb.monamedia.net\/haiau\/wp-content\/uploads\/2017\/11\/CLG855N-9-300x90.jpg 300w, https:\/\/mauweb.monamedia.net\/haiau\/wp-content\/uploads\/2017\/11\/CLG855N-9-768x232.jpg 768w, https:\/\/mauweb.monamedia.net\/haiau\/wp-content\/uploads\/2017\/11\/CLG855N-9-1024x309.jpg 1024w, https:\/\/mauweb.monamedia.net\/haiau\/wp-content\/uploads\/2017\/11\/CLG855N-9-24x7.jpg 24w, https:\/\/mauweb.monamedia.net\/haiau\/wp-content\/uploads\/2017\/11\/CLG855N-9-36x11.jpg 36w, https:\/\/mauweb.monamedia.net\/haiau\/wp-content\/uploads\/2017\/11\/CLG855N-9-48x14.jpg 48w\" sizes=\"(max-width: 2374px) 100vw, 2374px\" \/><\/p>\n","protected":false},"excerpt":{"rendered":"<table width=\"0\">\n<tbody>\n<tr>\n<td width=\"211\"><strong>M\u00d4 T\u1ea2<\/strong><\/td>\n<td width=\"192\"><strong>\u0110\u01a0N V\u1eca<\/strong><\/td>\n<td width=\"216\"><strong>CLG855N<\/strong><\/td>\n<\/tr>\n<tr>\n<td width=\"211\">T\u1ef1 tr\u1ecdng<\/td>\n<td width=\"192\">Kg<\/td>\n<td width=\"216\">17000<\/td>\n<\/tr>\n<tr>\n<td width=\"211\">Dung t\u00edch g\u1ea7u ti\u00eau chu\u1ea9n<\/td>\n<td width=\"192\">m\u00b3<\/td>\n<td width=\"216\">3.6<\/td>\n<\/tr>\n<tr>\n<td width=\"211\">T\u1ea3i tr\u1ecdng n\u00e2ng<\/td>\n<td width=\"192\">Kg<\/td>\n<td width=\"216\">5000<\/td>\n<\/tr>\n<tr>\n<td width=\"211\">L\u1ef1c k\u00e9o<\/td>\n<td width=\"192\">KN<\/td>\n<td width=\"216\">155<\/td>\n<\/tr>\n<tr>\n<td width=\"211\">\u0110\u1ed9 r\u1ed9ng g\u1ea7u x\u00fac<\/td>\n<td width=\"192\">mm<\/td>\n<td width=\"216\">3110<\/td>\n<\/tr>\n<tr>\n<td width=\"211\"><strong>K\u00edch th\u01b0\u1edbc<\/strong><\/td>\n<td width=\"192\"><\/td>\n<td width=\"216\"><\/td>\n<\/tr>\n<tr>\n<td width=\"211\">Chi\u1ec1u cao \u0111\u1ed5 v\u1eadt li\u1ec7u l\u1edbn nh\u1ea5t<\/td>\n<td width=\"192\">mm<\/td>\n<td width=\"216\">3020<\/td>\n<\/tr>\n<tr>\n<td width=\"211\">C\u1ef1 ly x\u1ea3 t\u1ea3i<\/td>\n<td width=\"192\">mm<\/td>\n<td width=\"216\">1280<\/td>\n<\/tr>\n<tr>\n<td width=\"211\">Kho\u1ea3ng c\u00e1ch tr\u1ee5c<\/td>\n<td width=\"192\">mm<\/td>\n<td width=\"216\">3250<\/td>\n<\/tr>\n<tr>\n<td width=\"211\">KT t\u1ed5ng th\u1ec3<br \/>\n(DxRxC)<\/td>\n<td width=\"192\">mm<\/td>\n<td width=\"216\">8055x3110x4165<\/td>\n<\/tr>\n<tr>\n<td width=\"211\">H\u1ed9p s\u1ed1<\/td>\n<td width=\"192\"><\/td>\n<td width=\"216\">Th\u1ee7y l\u1ef1c<\/td>\n<\/tr>\n<tr>\n<td width=\"211\"><strong>T\u1ed1c \u0111\u1ed9<\/strong><\/td>\n<td width=\"192\"><\/td>\n<td width=\"216\">2 s\u1ed1 ti\u1ebfn\/ 1 s\u1ed1 l\u00f9i<\/td>\n<\/tr>\n<tr>\n<td width=\"211\">T\u1ed1c \u0111\u1ed9 ti\u1ebfn l\u1edbn nh\u1ea5t<\/td>\n<td width=\"192\">Km\/h<\/td>\n<td width=\"216\">0-40<\/td>\n<\/tr>\n<tr>\n<td width=\"211\">T\u1ed1c \u0111\u1ed9 l\u00f9i l\u1edbn nh\u1ea5t<\/td>\n<td width=\"192\">Km\/h<\/td>\n<td width=\"216\">0-16<\/td>\n<\/tr>\n<tr>\n<td width=\"211\">T\u1ed5ng th\u1eddi gian m\u1ed9t chu tr\u00ecnh<\/td>\n<td width=\"192\">s<\/td>\n<td width=\"216\">10.7<\/td>\n<\/tr>\n<tr>\n<td width=\"211\"><strong>\u0110\u1ed9ng c\u01a1 *<\/strong><\/td>\n<td colspan=\"2\" width=\"408\">\u0110\u1ed9ng c\u01a1 Diesel 4 th\u00ec l\u00e0m m\u00e1t b\u1eb1ng n\u01b0\u1edbc, 6 xi lanh th\u1eb3ng h\u00e0ng, c\u00f3 Turbo t\u0103ng \u00e1p<\/td>\n<\/tr>\n<tr>\n<td width=\"211\">Model<\/td>\n<td width=\"192\"><\/td>\n<td width=\"216\">CUMMINS<\/td>\n<\/tr>\n<tr>\n<td width=\"211\">C\u00f4ng su\u1ea5t\/ v\u00f2ng quay<\/td>\n<td width=\"192\">Kw\/rpm<\/td>\n<td width=\"216\">162\/2200<\/td>\n<\/tr>\n<tr>\n<td width=\"211\">Dung t\u00edch xi lanh<\/td>\n<td width=\"192\">L<\/td>\n<td width=\"216\">9.3<\/td>\n<\/tr>\n<tr>\n<td width=\"211\">Moment xo\u1eafn l\u1edbn nh\u1ea5t<\/td>\n<td width=\"192\">N.m\/rpm<\/td>\n<td width=\"216\">890\/1400<\/td>\n<\/tr>\n<tr>\n<td width=\"211\">Quy c\u00e1ch l\u1ed1p<\/td>\n<td width=\"192\"><\/td>\n<td width=\"216\">23.5-25<\/td>\n<\/tr>\n<tr>\n<td width=\"211\">Cabin<\/td>\n<td width=\"192\"><\/td>\n<td width=\"216\"><\/td>\n<\/tr>\n<\/tbody>\n<\/table>\n","protected":false},"featured_media":90,"comment_status":"open","ping_status":"closed","template":"","meta":[],"_links":{"self":[{"href":"https:\/\/mauweb.monamedia.net\/haiau\/wp-json\/wp\/v2\/product\/81"}],"collection":[{"href":"https:\/\/mauweb.monamedia.net\/haiau\/wp-json\/wp\/v2\/product"}],"about":[{"href":"https:\/\/mauweb.monamedia.net\/haiau\/wp-json\/wp\/v2\/types\/product"}],"replies":[{"embeddable":true,"href":"https:\/\/mauweb.monamedia.net\/haiau\/wp-json\/wp\/v2\/comments?post=81"}],"wp:featuredmedia":[{"embeddable":true,"href":"https:\/\/mauweb.monamedia.net\/haiau\/wp-json\/wp\/v2\/media\/90"}],"wp:attachment":[{"href":"https:\/\/mauweb.monamedia.net\/haiau\/wp-json\/wp\/v2\/media?parent=81"}],"curies":[{"name":"wp","href":"https:\/\/api.w.org\/{rel}","templated":true}]}}