{"id":665,"date":"2017-11-30T07:01:34","date_gmt":"2017-11-30T07:01:34","guid":{"rendered":"http:\/\/mauweb.monamedia.net\/haiau\/?post_type=product&#038;p=665"},"modified":"2017-11-30T07:11:57","modified_gmt":"2017-11-30T07:11:57","slug":"may-xuc-lat-mini-920","status":"publish","type":"product","link":"https:\/\/mauweb.monamedia.net\/haiau\/san-pham\/may-xuc-lat-mini-920\/","title":{"rendered":"M\u00e1y x\u00fac l\u1eadt mini 920"},"content":{"rendered":"<p><strong>Gi\u1edbi thi\u1ec7u v\u1ec1 m\u00e1y x\u00fac l\u1eadt <\/strong><strong>Aolite 920<\/strong><\/p>\n<p>C\u00f4ng ty MXD H\u1ea3i \u00c2u xin gi\u1edbi thi\u1ec7u \u0111\u1ebfn Qu\u00fd Kh\u00e1ch s\u1ea3n ph\u1ea9m xe x\u00fac l\u1eadt <strong>Aolite 920<\/strong> \u0111\u01b0\u1ee3c c\u00f4ng ty ch\u00fang t\u00f4i ph\u00e2n ph\u1ed1i \u0111\u1ed9c quy\u1ec1n t\u1ea1i Vi\u1ec7t Nam.<\/p>\n<p>V\u1edbi t\u1ea3i tr\u1ecdng n\u00e2ng 2 t\u1ea5n c\u00f9ng v\u1edbi th\u1ec3 t\u00edch g\u1ea7u 0,85 m<sup>3<\/sup>, m\u00e1y x\u00fac l\u1eadt <strong>Aolite 920<\/strong> l\u00e0 model chuy\u00ean d\u1ee5ng cho c\u00e1c c\u00f4ng t\u00e1c x\u00fac c\u00e1t, \u0111\u00e1 cho c\u00e1c b\u1ebfn v\u1eadt li\u1ec7u x\u00e2y d\u1ef1ng; x\u00fac v\u1eadt li\u1ec7u cho c\u00e1c nh\u00e0 m\u00e1y g\u1ea1ch &#8230;. S\u1ea3n ph\u1ea9m \u0111\u00e3 \u0111\u01b0\u1ee3c tin d\u00f9ng trong r\u1ea5t nhi\u1ec1u \u0111\u01a1n v\u1ecb t\u1ea1i Vi\u1ec7t Nam.<\/p>\n<p>Cung c\u1ea5p s\u1ee9c m\u1ea1nh cho xe l\u00e0 kh\u1ed1i \u0111\u1ed9ng c\u01a1 d\u1ea7u c\u00f3 c\u00f4ng su\u1ea5t t\u1ed1i \u0111a 42 kw. \u0110\u1ed9ng c\u01a1 YUNNEI \u2013 S\u1ed1 t\u1ef1 \u0111\u1ed9ng lo\u1ea1i 4 m\u00e1y gi\u00fap m\u00e1y l\u00e0m vi\u1ec7c \u1ed5n \u0111\u1ecbnh v\u00e0 hi\u1ec7u su\u1ea5t c\u00f4ng vi\u1ec7c cao v\u1edbi nhi\u1ec1u d\u1ea1ng v\u1eadt li\u1ec7u kh\u00e1c nhau.<\/p>\n","protected":false},"excerpt":{"rendered":"<table width=\"0\">\n<tbody>\n<tr>\n<td width=\"211\">M\u00d4 T\u1ea2<\/td>\n<td width=\"192\">\u0110\u01a0N V\u1eca<\/td>\n<td width=\"222\"><strong>920<\/strong><\/td>\n<\/tr>\n<tr>\n<td width=\"211\">T\u1ef1 tr\u1ecdng<\/td>\n<td width=\"192\">Kg<\/td>\n<td width=\"222\"><strong>3700<\/strong><\/td>\n<\/tr>\n<tr>\n<td width=\"211\">Dung t\u00edch g\u1ea7u ti\u00eau chu\u1ea9n<\/td>\n<td width=\"192\">m\u00b3<\/td>\n<td width=\"222\"><strong>0,85<\/strong><\/td>\n<\/tr>\n<tr>\n<td width=\"211\">T\u1ea3i tr\u1ecdng n\u00e2ng<\/td>\n<td width=\"192\">Kg<\/td>\n<td width=\"222\"><strong>2000<\/strong><\/td>\n<\/tr>\n<tr>\n<td width=\"211\">K\u00cdCH TH\u01af\u1edaC<\/td>\n<td width=\"192\"><\/td>\n<td width=\"222\"><strong>\u00a0<\/strong><\/td>\n<\/tr>\n<tr>\n<td width=\"211\">Chi\u1ec1u cao \u0111\u1ed5 v\u1eadt li\u1ec7u l\u1edbn nh\u1ea5t<\/td>\n<td width=\"192\">Mm<\/td>\n<td width=\"222\"><strong>3200<\/strong><\/td>\n<\/tr>\n<tr>\n<td width=\"211\">C\u1ef1 ly x\u1ea3 t\u1ea3i<\/td>\n<td width=\"192\">Mm<\/td>\n<td width=\"222\"><strong>820<\/strong><\/td>\n<\/tr>\n<tr>\n<td width=\"211\">Kho\u1ea3ng c\u00e1ch tr\u1ee5c<\/td>\n<td width=\"192\">Mm<\/td>\n<td width=\"222\"><strong>2310<\/strong><\/td>\n<\/tr>\n<tr>\n<td width=\"211\">KT t\u1ed5ngth\u1ec3<br \/>\n(DxRxC)<\/td>\n<td width=\"192\">Mm<\/td>\n<td width=\"222\"><strong>5550x1870x2725<\/strong><\/td>\n<\/tr>\n<tr>\n<td width=\"211\">Lo\u1ea1i h\u1ed9p s\u1ed1<\/td>\n<td width=\"192\"><\/td>\n<td width=\"222\"><strong>T\u1ef1 \u0111\u1ed9ng<\/strong><\/td>\n<\/tr>\n<tr>\n<td width=\"211\">Ki\u1ec3u h\u1ed9p s\u1ed1<\/td>\n<td width=\"192\"><\/td>\n<td width=\"222\"><strong>2 s\u1ed1 ti\u1ebfn \/ 2 s\u1ed1 l\u00f9i<\/strong><\/td>\n<\/tr>\n<tr>\n<td width=\"211\">Tay chang<\/td>\n<td width=\"192\"><\/td>\n<td width=\"222\"><strong>1 tay chang \u2013 B\u00e1n th\u1ee7y l\u1ef1c<\/strong><\/td>\n<\/tr>\n<tr>\n<td width=\"211\">T\u1ed1c \u0111\u1ed9 di chuy\u1ec3n l\u1edbn nh\u1ea5t<\/td>\n<td width=\"192\">Km\/h<\/td>\n<td width=\"222\"><strong>28<\/strong><\/td>\n<\/tr>\n<tr>\n<td width=\"211\">T\u1ed5ng th\u1eddi gian m\u1ed9t chu tr\u00ecnh<\/td>\n<td width=\"192\">s<\/td>\n<td width=\"222\"><strong>7,6<\/strong><\/td>\n<\/tr>\n<tr>\n<td width=\"211\">\u0110\u1ed9ngc\u01a1 *<\/td>\n<td colspan=\"2\" width=\"414\">\u0110\u1ed9ng c\u01a1 Diesel 4 xi lanh th\u1eb3ng h\u00e0ng<\/p>\n<p>&nbsp;<\/td>\n<\/tr>\n<tr>\n<td width=\"211\">Model<\/td>\n<td width=\"192\"><\/td>\n<td width=\"222\"><strong>YUNNEI \/ YN27-CNR<\/strong><\/td>\n<\/tr>\n<tr>\n<td width=\"211\">C\u00f4ng su\u1ea5t\/ v\u00f2ng quay<\/td>\n<td width=\"192\">Kw\/rpm<\/td>\n<td width=\"222\"><strong>42\/2400<\/strong><\/td>\n<\/tr>\n<tr>\n<td width=\"211\">Quy c\u00e1chl\u1ed1p<\/td>\n<td width=\"192\"><\/td>\n<td width=\"222\"><strong>23.5\/70-16<\/strong><\/td>\n<\/tr>\n<\/tbody>\n<\/table>\n","protected":false},"featured_media":666,"comment_status":"open","ping_status":"closed","template":"","meta":[],"_links":{"self":[{"href":"https:\/\/mauweb.monamedia.net\/haiau\/wp-json\/wp\/v2\/product\/665"}],"collection":[{"href":"https:\/\/mauweb.monamedia.net\/haiau\/wp-json\/wp\/v2\/product"}],"about":[{"href":"https:\/\/mauweb.monamedia.net\/haiau\/wp-json\/wp\/v2\/types\/product"}],"replies":[{"embeddable":true,"href":"https:\/\/mauweb.monamedia.net\/haiau\/wp-json\/wp\/v2\/comments?post=665"}],"wp:featuredmedia":[{"embeddable":true,"href":"https:\/\/mauweb.monamedia.net\/haiau\/wp-json\/wp\/v2\/media\/666"}],"wp:attachment":[{"href":"https:\/\/mauweb.monamedia.net\/haiau\/wp-json\/wp\/v2\/media?parent=665"}],"curies":[{"name":"wp","href":"https:\/\/api.w.org\/{rel}","templated":true}]}}